greatest common factor of 312 and c?
39
Let w = 173 + -41. Let a be (-3)/(-6) + 10/(-4). Let c be 4*6/((-4)/a). Calculate the highest common factor of c and w.
12
Suppose 0 = -0*o - o + 3*u + 25, 5*o + 2*u - 159 = 0. Suppose 9 = -3*m - 39. Let w = m + o. What is the highest common factor of 75 and w?
15
Let l(p) = -p**2 + 5*p + 2. Let t be l(6). Let q be ((-2)/4)/((-2)/t). Let i be 39/12 - q/(-4). Calculate the greatest common factor of i and 3.
3
Suppose -9*u + 5*v + 335 = -4*u, 5*v = 3*u - 191. Calculate the highest common factor of 24 and u.
24
Let w = -7 + 13. Calculate the greatest common factor of w and 6.
6
Let u be (-6)/(-39) + (-7014)/(-39). Let r = 5 - 3. Suppose -r*x - u = -5*x. Calculate the greatest common factor of 24 and x.
12
Suppose -p + 105 = 5. Suppose 2*v - p = 5*g, 29 + 16 = v - 5*g. What is the greatest common divisor of v and 11?
11
Suppose 3*o - r - 49 = 0, 5*o = 3*r - 2*r + 79. Suppose -o - 45 = -5*h. What is the highest common divisor of h and 84?
12
Suppose 0 = -3*u + 2*u + 48. What is the greatest common factor of u and 432?
48
Suppose 4*v - 67 = 37. Let k(a) = a**2 - 2*a - 9. Let o be k(-6). What is the highest common factor of v and o?
13
Suppose -4*v + 35 = -9. Let u be 1500/34 + (-12)/102. Calculate the highest common divisor of u and v.
11
Let o be (-33)/(-7) - (-20)/70. Calculate the greatest common factor of o and 45.
5
Suppose 32 = 18*y - 16*y. Let i(j) = 18*j**3 - j**2 - 3*j - 3. Let m be i(-2). Let l = 209 + m. What is the greatest common divisor of y and l?
16
Suppose -16*q + 11*q = -115. Calculate the greatest common factor of q and 46.
23
Let j = 14 - 8. Let x = j - 3. Let b = 67 - 43. What is the greatest common divisor of x and b?
3
Let u be 3/(-12) - 788/(-16). What is the greatest common factor of u and 7?
7
Let c = -25 - 247. Let h be 4/(-12) + c/(-6). What is the greatest common divisor of 9 and h?
9
Let y = -2 + 3. Let r be 1 + y + (2 - -108). Calculate the highest common factor of r and 16.
16
Suppose -3*f + m + 80 = 0, -f - 4*f = -m - 134. What is the highest common factor of 135 and f?
27
Suppose -15 = -3*z - 0, 0 = -5*o - z + 70. Let g be 1/2 - o/(-2). Suppose 3*s + 2 = 23. What is the highest common divisor of g and s?
7
Let j(h) = h**3 - 4*h**2 - 5*h + 2. Let s be j(5). Suppose -s*c + 86 = 4*b + b, 3*b = 4*c - 146. Calculate the greatest common divisor of c and 19.
19
Let n(u) = u**2 + 135. Let y be n(0). Let a(j) = j**3 - 5*j**2 + 10*j + 4. Let m be a(5). What is the greatest common factor of m and y?
27
Let i(z) = z**2 + 6*z + 7. Let b be i(-5). Suppose 12 = -b*h + 5*h. Calculate the highest common divisor of 44 and h.
4
Let a = -1 + 2. Let q be 9 - (a - (-3 - -1)). Suppose 5*k + 75 = q*k. What is the greatest common divisor of 15 and k?
15
Let s(o) = o**3 + o**2 + o - 1. Let f be s(5). Calculate the highest common factor of f and 14.
14
Let w be (-26)/(-6) + 7/(-21). Suppose -3*y + w = -8. Suppose 0 = 3*u + 9, -2*u + y - 360 = -5*b. What is the highest common divisor of b and 14?
14
Let o(i) = -74*i - 2. Let x be o(-1). Let m = 14 - 5. Calculate the greatest common factor of m and x.
9
Suppose 2*n + 2 - 12 = 0. Calculate the greatest common divisor of n and 30.
5
Suppose 31*q - 29*q = 2. Suppose -3*x = -5*d - 1, -5*x + 4*d + 2 = -4. What is the greatest common factor of x and q?
1
Let y(z) = -6 - 17*z + 7 - 33*z. Let l be y(-1). Let d(s) = s**3 + s**2 + 3*s - 1. Let r be d(2). What is the highest common factor of l and r?
17
Let c(l) = -l - 4. Let x be c(-10). What is the highest common divisor of 48 and x?
6
Let r(g) = -g**3 + 4*g**2 + 15*g - 5. Let a be r(6). Calculate the greatest common divisor of a and 117.
13
Let p be (18/(-12))/(3/(-2)). What is the highest common divisor of p and 7?
1
Let v be (1/3)/((-4)/72*-1). Suppose -4*u = -4*r + 56, 2*r - 5*u = -10*u + 35. Calculate the highest common factor of v and r.
3
Suppose 10 = 2*s - 10. Suppose 0*y = 3*o - 4*y + s, -10 = -o - 2*y. What is the greatest common factor of 1 and o?
1
Suppose -k + 123 = 5*y, -k + 1 - 70 = -3*y. What is the highest common factor of 32 and y?
8
Let r = 12 + -9. Let p(j) be the first derivative of 2*j**2 - j + 3. Let a be p(r). Calculate the greatest common divisor of a and 99.
11
Suppose 4*h + 4 - 56 = 0. What is the highest common factor of 104 and h?
13
Let m be (-66)/(-24) + (-2)/(-8). Suppose 3*v - l - 2 = 0, -m*v = -8*l + 3*l - 10. Suppose r - 5*r + 72 = v. What is the greatest common factor of r and 162?
18
Let p be ((-9)/(-6))/(2/(-4)). Let k = 3 + p. Let x be 0 + k - 2 - -92. What is the highest common divisor of x and 36?
18
Let v(l) = 55 + 51 - 46 + l - l**2 - l**3 + 84. Let w be v(0). Let i(k) = 6*k**2 - 3*k. Let o be i(2). What is the greatest common divisor of w and o?
18
Let c(u) = -u**3 + 11*u**2 - 10*u - 4. Let x be c(10). Let f(l) = l**3 + 5*l**2 + 4*l + 4. Let q be f(x). Calculate the greatest common divisor of q and 2.
2
Let r(a) = -a**3 + 7*a**2 + a. Let u be r(7). Let h be 417/12 + 3/12. What is the greatest common factor of h and u?
7
Let r be (-393)/(-18) - (-1)/6. Calculate the greatest common divisor of r and 55.
11
Let b be 8/10*(-90)/(-4). Let s = 390 + -363. Calculate the highest common divisor of b and s.
9
Suppose -q + 9 = -0*q. Let h be (q/6)/((-3)/(-76)). Let v = 56 - -1. What is the highest common factor of v and h?
19
Let y = 12 - -4. Let w = y + -11. Let g = 8 - w. What is the greatest common factor of 21 and g?
3
Suppose -2*r + 60 = 4*t - t, 0 = -3*r. Let z = t - 9. Calculate the greatest common factor of z and 77.
11
Let x be 4/((-4)/(-9)) + -1. Suppose -2*r - x + 24 = 0. What is the highest common divisor of 20 and r?
4
Suppose -3*b = -27 - 9. Suppose 0*o - b = 4*o, -5*v - 2*o = -14. What is the greatest common factor of v and 2?
2
Let r(j) = 3*j. Suppose 36 = 4*f + 4*s, -2 = 2*f - 7*s + 4*s. Let w be r(f). Calculate the greatest common divisor of w and 30.
15
Suppose -3*v = -2*m - 35, 0 = 3*m - 2 - 13. What is the greatest common divisor of 105 and v?
15
Let v(i) = 13*i**2 + i. Let a be v(1). Let y(w) = 4*w**2 - 3*w - 3. Let r be y(-5). Suppose d = -d + r. Calculate the highest common divisor of d and a.
14
Suppose 3*a = -5*a + 1736. Calculate the highest common divisor of 31 and a.
31
Suppose 2*f + 5*n - 14 = 0, 0 = -5*f + 3*n + 4. Let l be (-6)/(-2)*50 - f. Let j be l/12 + 2/(-6). Calculate the greatest common divisor of j and 6.
6
Let d(m) = -m**3 - 3*m**2 - 3*m + 1. Let h be d(-3). Suppose 0 = 5*n + 10, 0*o = -3*o + 5*n + 55. Calculate the highest common factor of h and o.
5
Suppose 2*n + n = 264. Suppose u = -0*u + 5. Let c(f) = -f**2 + 4*f + 16. Let i be c(u). What is the highest common divisor of n and i?
11
Suppose 6*w - 3*w + 2*o - 96 = 0, 2*o + 54 = 2*w. Suppose w = d + g, -4*d - d - 3*g = -142. Calculate the greatest common divisor of d and 13.
13
Let s = 1 - -3. Suppose 18 = 5*q + u + 4, s*u - 6 = 5*q. What is the highest common factor of q and 2?
2
Suppose 5*a - 1814 = z + 2*z, 0 = 3*z + a + 1826. Let h be z/(-40) - (-1)/(-5). What is the highest common divisor of h and 165?
15
Let i = -28 + 46. Let o be (-6)/(-2)*696/i. Let v = o + 28. What is the highest common factor of v and 16?
16
Let m(g) = -g**3 - 4*g**2 - 6*g. Let d be m(-4). What is the highest common divisor of d and 60?
12
Suppose -5*v + 0*g = 4*g - 37, 5*g = 15. Suppose v*p = 15 + 5. Calculate the highest common divisor of p and 36.
4
Suppose 8*j - 5*j = 150. Calculate the greatest common divisor of j and 10.
10
Suppose -4*l + 39 = -3*g, g = -4*l + 35 - 0. Let a be (-340)/(-6) + 3/l. Calculate the greatest common factor of 19 and a.
19
Let x = -12 + 24. Suppose -3*d = x - 60. Suppose -5*j + 93 + 107 = 0. Calculate the highest common factor of j and d.
8
Let c be 12/9*-3 - (-22 - -8). Calculate the greatest common factor of 20 and c.
10
Suppose -2*t - 2*s - 4 = 0, t - 5*s - 22 = -0*t. What is the greatest common factor of 4 and t?
2
Let y be ((-392)/(-24))/(1/(-3)). Let w = -13 - y. Calculate the greatest common divisor of w and 12.
12
Suppose -4*v + 194 = 2*r, 4*r = -18 + 6. Suppose 0 = -6*b + 4*b + 2, -5*b + v = 3*x. Calculate the highest common factor of x and 6.
3
Let t(g) = -8*g + 4. Let p be t(-2). What is the greatest common divisor of p and 50?
10
Let w = 12 - 10. Suppose -4*d + w*s